{"id":56,"date":"2015-02-21T23:12:58","date_gmt":"2015-02-21T23:12:58","guid":{"rendered":"http:\/\/roemer.schulhomepages.hamburg.de\/?page_id=56"},"modified":"2025-01-04T11:39:25","modified_gmt":"2025-01-04T10:39:25","slug":"impressum","status":"publish","type":"page","link":"https:\/\/roemer.hamburg.de\/?page_id=56","title":{"rendered":"Impressum"},"content":{"rendered":"<h2>Sprecherin der R\u00f6mer<\/h2>\n<p>Dr. Anja Hartmann<br \/>\nProf.Dr. Larissa Krex-Brinkmann<br \/>\nAugusta Schubert<br \/>\nGelehrtenschule des Johanneums<br \/>\nMaria-Louisen-Stra\u00dfe 114<br \/>\nD-22301 Hamburg<\/p>\n<hr \/>\n<h2>Redaktion<\/h2>\n<p>Dr. Anja Hartmann<br \/>\nJohanneum<br \/>\nMaria-Louisen-Stra\u00dfe 114<br \/>\n22301 Hamburg<br \/>\nTel.: 040-428827-0<\/p>\n<hr \/>\n<h2>E-Mail<\/h2>\n<p><a href=\"mailto:roemer.hamburg@posteo.de\">roemer.hamburg@posteo.de<\/a><\/p>\n<hr \/>\n\n<div class=\"wpcf7 no-js\" id=\"wpcf7-f100-o1\" lang=\"de-DE\" dir=\"ltr\" data-wpcf7-id=\"100\">\n<div class=\"screen-reader-response\"><p role=\"status\" aria-live=\"polite\" aria-atomic=\"true\"><\/p> <ul><\/ul><\/div>\n<form  action=\"\/index.php?rest_route=%2Fwp%2Fv2%2Fpages%2F56#wpcf7-f100-o1\" method=\"post\" class=\"wpcf7-form init\" aria-label=\"Kontaktformular\" novalidate=\"novalidate\" data-status=\"init\"><p><stong><a target=\"_blank\" class=\"privacy-policy-link\" href=\"https:\/\/schulhomepages.hamburg.de\/?page_id=2954\">Datenschutzerkl\u00e4rung<\/a><\/strong><\/p>\n\n<fieldset class=\"hidden-fields-container\"><input type=\"hidden\" name=\"_wpcf7\" value=\"100\" \/><input type=\"hidden\" name=\"_wpcf7_version\" value=\"6.1.5\" \/><input type=\"hidden\" name=\"_wpcf7_locale\" value=\"de_DE\" \/><input type=\"hidden\" name=\"_wpcf7_unit_tag\" value=\"wpcf7-f100-o1\" \/><input type=\"hidden\" name=\"_wpcf7_container_post\" value=\"0\" \/><input type=\"hidden\" name=\"_wpcf7_posted_data_hash\" value=\"\" \/>\n<\/fieldset>\n<h1>Kontaktformular\n<\/h1>\n<p>Bitte f\u00fcllen Sie alle Kontaktfelder aus und beschreiben Sie Ihr Anliegen m\u00f6glichst genau. Wir bem\u00fchen uns um eine schnelle Antwort.\n<\/p>\n<p>Anrede (Pflichtfeld)&nbsp;&nbsp;&nbsp;<br \/>\n<span class=\"wpcf7-form-control-wrap\" data-name=\"your-salutation\"><input size=\"40\" maxlength=\"400\" class=\"wpcf7-form-control wpcf7-text wpcf7-validates-as-required\" aria-required=\"true\" aria-invalid=\"false\" value=\"\" type=\"text\" name=\"your-salutation\" \/><\/span>\n<\/p>\n<p>Vorname (Pflichtfeld)&nbsp;&nbsp;&nbsp;<br \/>\n<span class=\"wpcf7-form-control-wrap\" data-name=\"your-firstname\"><input size=\"40\" maxlength=\"400\" class=\"wpcf7-form-control wpcf7-text wpcf7-validates-as-required\" aria-required=\"true\" aria-invalid=\"false\" value=\"\" type=\"text\" name=\"your-firstname\" \/><\/span>\n<\/p>\n<p>Nachname (Pflichtfeld)&nbsp;&nbsp;&nbsp;<br \/>\n<span class=\"wpcf7-form-control-wrap\" data-name=\"your-lastname\"><input size=\"40\" maxlength=\"400\" class=\"wpcf7-form-control wpcf7-text wpcf7-validates-as-required\" aria-required=\"true\" aria-invalid=\"false\" value=\"\" type=\"text\" name=\"your-lastname\" \/><\/span>\n<\/p>\n<p>Betreff&nbsp;&nbsp;&nbsp;<br \/>\n<span class=\"wpcf7-form-control-wrap\" data-name=\"your-subject\"><input size=\"40\" maxlength=\"400\" class=\"wpcf7-form-control wpcf7-text\" aria-invalid=\"false\" value=\"\" type=\"text\" name=\"your-subject\" \/><\/span>\n<\/p>\n<p>Ihre E-Mail-Adresse (Pflichtfeld)&nbsp;&nbsp;&nbsp;<br \/>\n<span class=\"wpcf7-form-control-wrap\" data-name=\"your-email\"><input size=\"40\" maxlength=\"400\" class=\"wpcf7-form-control wpcf7-email wpcf7-validates-as-required wpcf7-text wpcf7-validates-as-email\" aria-required=\"true\" aria-invalid=\"false\" value=\"\" type=\"email\" name=\"your-email\" \/><\/span>\n<\/p>\n<p>Ihre Mitteilung&nbsp;&nbsp;&nbsp;<br \/>\n<span class=\"wpcf7-form-control-wrap\" data-name=\"your-message\"><textarea cols=\"40\" rows=\"10\" maxlength=\"2000\" class=\"wpcf7-form-control wpcf7-textarea\" aria-invalid=\"false\" name=\"your-message\"><\/textarea><\/span>\n<\/p>\n<p><input class=\"wpcf7-form-control wpcf7-submit has-spinner\" type=\"submit\" value=\"Senden\" \/>\n<\/p><div class=\"frc-captcha \" data-sitekey=\"FCMRHFDCMSUPHONE\" data-lang=\"de\" ><\/div>\n\t\t<noscript>You need to enable Javascript for the anti-spam check.<\/noscript><div class=\"wpcf7-response-output\" aria-hidden=\"true\"><\/div>\n<\/form>\n<\/div>\n\n<hr \/>\n<h2>Technische Unterst\u00fctzung<\/h2>\n<p><a href=\"http:\/\/www.johanneum-hamburg.de\/index.php\/schola-nostra\/kollegium\" target=\"_blank\" rel=\"noopener noreferrer\">Tilman Bremer (Johanneum)<\/a><\/p>\n<hr \/>\n<h2>Urheberrecht, Haftung<\/h2>\n<p>Das Layout der Homepage, die verwendeten Grafiken sowie die Sammlung der Beitr\u00e4ge sind urheberrechtlich gesch\u00fctzt. Die Seiten d\u00fcrfen nur zum privaten Gebrauch vervielf\u00e4ltigt, \u00c4nderungen nicht vorgenommen und Vervielf\u00e4ltigungsst\u00fccke weder verbreitet noch zur \u00f6ffentlichen Wiedergabe benutzt werden.<\/p>\n<p>Die einzelnen Beitr\u00e4ge sind ebenfalls urheberrechtlich gesch\u00fctzt; weitere Hinweise k\u00f6nnen ggf. dort nachgelesen werden. Alle Informationen auf diesem Server erfolgen ohne Gew\u00e4hr f\u00fcr ihre Richtigkeit. In keinem Fall wird f\u00fcr Sch\u00e4den, die sich aus der Verwendung der abgerufenen Informationen ergeben, eine Haftung \u00fcbernommen.<\/p>\n<p>Dienstanbieter: Freie und Hansestadt Hamburg<\/p>\n<p>Verantwortlicher: Arbeitsgemeinschaft der R\u00f6mer<\/p>\n<hr \/>\n<div class=\"impressum-image\" align=\"center\"><img loading=\"lazy\" decoding=\"async\" class=\"alignleft\" src=\"https:\/\/roemer.hamburg.de\/wp-content\/uploads\/sites\/142\/2015\/05\/logo_Blue_100x131gif.gif\" alt=\"logo_Blue_100x131gif\" width=\"100\" height=\"131\" \/><img loading=\"lazy\" decoding=\"async\" class=\"size-full wp-image-372 alignleft\" src=\"https:\/\/roemer.hamburg.de\/wp-content\/uploads\/sites\/142\/2015\/05\/logo_yellow_100x130.gif\" alt=\"logo_yellow\" width=\"100\" height=\"130\" \/><img loading=\"lazy\" decoding=\"async\" class=\"size-full wp-image-370 alignleft\" src=\"https:\/\/roemer.hamburg.de\/wp-content\/uploads\/sites\/142\/2015\/05\/logo_green_100x130.gif\" alt=\"logo_green\" width=\"100\" height=\"130\" \/><img loading=\"lazy\" decoding=\"async\" class=\"size-full wp-image-371 alignleft\" src=\"https:\/\/roemer.hamburg.de\/wp-content\/uploads\/sites\/142\/2015\/05\/logo_wine_red_100x131.gif\" alt=\"logo_wine_red_100x131\" width=\"100\" height=\"130\" \/><\/div>\n","protected":false},"excerpt":{"rendered":"<p>Sprecherin der R\u00f6mer Dr. Anja Hartmann Prof.Dr. Larissa Krex-Brinkmann Augusta Schubert Gelehrtenschule des Johanneums Maria-Louisen-Stra\u00dfe 114 D-22301 Hamburg Redaktion Dr. Anja Hartmann Johanneum Maria-Louisen-Stra\u00dfe 114 22301 Hamburg Tel.: 040-428827-0 E-Mail roemer.hamburg@posteo.de Technische Unterst\u00fctzung Tilman Bremer (Johanneum) Urheberrecht, Haftung Das Layout der Homepage, die verwendeten Grafiken sowie die Sammlung der Beitr\u00e4ge sind urheberrechtlich gesch\u00fctzt. Die Seiten &hellip; <a href=\"https:\/\/roemer.hamburg.de\/?page_id=56\" class=\"more-link\"><span class=\"screen-reader-text\">Impressum<\/span> weiterlesen <span class=\"meta-nav\">&rarr;<\/span><\/a><\/p>\n","protected":false},"author":218,"featured_media":0,"parent":0,"menu_order":5,"comment_status":"closed","ping_status":"closed","template":"","meta":{"_acf_changed":false,"footnotes":""},"class_list":["post-56","page","type-page","status-publish","hentry"],"acf":[],"_links":{"self":[{"href":"https:\/\/roemer.hamburg.de\/index.php?rest_route=\/wp\/v2\/pages\/56","targetHints":{"allow":["GET"]}}],"collection":[{"href":"https:\/\/roemer.hamburg.de\/index.php?rest_route=\/wp\/v2\/pages"}],"about":[{"href":"https:\/\/roemer.hamburg.de\/index.php?rest_route=\/wp\/v2\/types\/page"}],"author":[{"embeddable":true,"href":"https:\/\/roemer.hamburg.de\/index.php?rest_route=\/wp\/v2\/users\/218"}],"replies":[{"embeddable":true,"href":"https:\/\/roemer.hamburg.de\/index.php?rest_route=%2Fwp%2Fv2%2Fcomments&post=56"}],"version-history":[{"count":8,"href":"https:\/\/roemer.hamburg.de\/index.php?rest_route=\/wp\/v2\/pages\/56\/revisions"}],"predecessor-version":[{"id":1171,"href":"https:\/\/roemer.hamburg.de\/index.php?rest_route=\/wp\/v2\/pages\/56\/revisions\/1171"}],"wp:attachment":[{"href":"https:\/\/roemer.hamburg.de\/index.php?rest_route=%2Fwp%2Fv2%2Fmedia&parent=56"}],"curies":[{"name":"wp","href":"https:\/\/api.w.org\/{rel}","templated":true}]}}